?
True
Is 913084 a multiple of 136?
False
Is 6 a factor of 95458?
False
Does 63 divide 17095?
False
Does 14 divide 74858?
True
Does 12 divide 2718168?
True
Is 30 a factor of 177360?
True
Is 16768 a multiple of 524?
True
Is 10489685 a multiple of 432?
False
Is 999238 a multiple of 3?
False
Is 5025205 a multiple of 135?
False
Does 118 divide 155760?
True
Does 27 divide 356385?
False
Does 63 divide 50589?
True
Is 97 a factor of 209326?
True
Is 97 a factor of 3396805?
False
Is 1924576 a multiple of 24?
False
Does 49 divide 286601?
True
Is 6 a factor of 140705?
False
Is 360585 even?
False
Is 640832 a multiple of 124?
True
Is 9 a factor of 2055879?
True
Does 278 divide 105918?
True
Does 4 divide 12657?
False
Does 4 divide 3343436?
True
Is 1044234 a multiple of 18?
True
Is 8 a factor of 21519728?
True
Does 161 divide 3803517?
False
Is 9932 a multiple of 69?
False
Does 79 divide 26149?
True
Is 504 a factor of 158256?
True
Does 16 divide 14624?
True
Is 39 a factor of 27957?
False
Does 376 divide 10150120?
True
Is 5536592 a multiple of 34?
False
Is 25613 a multiple of 474?
False
Is 4420208 a multiple of 79?
True
Is 1845775 a multiple of 425?
True
Is 47139 a multiple of 25?
False
Does 27 divide 382968?
True
Is 42587 a multiple of 89?
False
Does 63 divide 86247?
True
Does 68 divide 268744?
False
Is 13 a factor of 904462?
True
Does 1896 divide 9263856?
True
Is 899775 a multiple of 225?
True
Is 20 a factor of 18512700?
True
Is 9 a factor of 739651?
False
Does 1548 divide 162540?
True
Is 449160 a multiple of 76?
True
Is 2065659 even?
False
Does 6 divide 2301965?
False
Is 245063 a multiple of 32?
False
Is 904272 a multiple of 12?
True
Is 165 a factor of 106755?
True
Is 3020640 a multiple of 70?
True
Is 822365 a multiple of 16?
False
Is 46 a factor of 82984?
True
Is 4492350 a multiple of 25?
True
Is 70 a factor of 245700?
True
Does 64 divide 43995?
False
Is 160019 a multiple of 100?
False
Is 66 a factor of 628345?
False
Is 5 a factor of 2692480?
True
Is 32 a factor of 10117433?
False
Is 16 a factor of 380800?
True
Is 237 a factor of 13314?
False
Does 3 divide 193604?
False
Does 14 divide 7140854?
True
Does 2 divide 204634?
True
Is 108958 a multiple of 347?
True
Is 2118276 a multiple of 4?
True
Is 36401 a multiple of 42?
False
Is 382337 a multiple of 116?
False
Is 5704 a multiple of 18?
False
Does 550 divide 4687018?
False
Is 1768089 a multiple of 327?
True
Does 64 divide 163776?
True
Is 583 a factor of 301411?
True
Is 272916 a multiple of 9?
True
Does 866 divide 708388?
True
Is 67 a factor of 337479?
True
Does 57 divide 109098?
True
Does 14 divide 3595186?
True
Is 59 a factor of 85255?
True
Is 261021 a multiple of 166?
False
Does 3 divide 335904?
True
Does 23 divide 101752?
True
Does 21 divide 1413279?
True
Does 20 divide 52980?
True
Does 140 divide 181720?
True
Does 171 divide 140082?
False
Is 10296088 a multiple of 253?
True
Is 2772369 a multiple of 254?
False
Is 26 a factor of 1653174?
False
Is 4419390 a multiple of 205?
True
Is 50 a factor of 62981?
False
Is 243408 a multiple of 6?
True
Is 390 a factor of 280020?
True
Does 70 divide 691250?
True
Does 59 divide 353292?
True
Is 5436634 a multiple of 901?
True
Is 86 a factor of 18114696?
True
Is 160 a factor of 1867040?
True
Is 304813 a multiple of 43?
False
Is 61 a factor of 270104?
False
Is 4205025 a multiple of 198?
False
Is 8370069 a multiple of 335?
False
Is 306225 a multiple of 45?
True
Does 37 divide 264525?
False
Is 2891652 a multiple of 276?
True
Does 14 divide 30508170?
True
Is 13 a factor of 77626?
False
Is 3565805 a multiple of 714?
False
Is 2251128 a multiple of 54?
False
Is 15 a factor of 9757455?
True
Does 25 divide 4604225?
True
Is 500 a factor of 130000?
True
Does 545 divide 13257331?
False
Is 417 a factor of 1812656?
False
Is 18 a factor of 8536380?
False
Does 15 divide 6570?
True
Does 88 divide 65208?
True
Is 4071765 a multiple of 85?
False
Does 13 divide 14902316?
True
Is 18136125 a multiple of 25?
True
Does 24 divide 59424?
True
Is 14 a factor of 176750?
True
Is 96 a factor of 579648?
True
Does 208 divide 110864?
True
Does 477 divide 464598?
True
Does 463 divide 172236?
True
Is 999080 a multiple of 20?
True
Is 223428 a multiple of 172?
True
Is 700 a factor of 13596304?
False
Is 782355 a multiple of 332?
False
Is 3054612 a multiple of 292?
True
Does 112 divide 717360?
True
Is 136323 a multiple of 81?
True
Does 59 divide 117941?
True
Does 3 divide 1119?
True
Does 85 divide 7335906?
False
Is 2277317 a multiple of 40?
False
Does 16 divide 203651?
False
Is 3598148 a multiple of 17?
False
Does 789 divide 357417?
True
Does 41 divide 226869?
False
Does 46 divide 1750003?
False
Is 257 a factor of 8007989?
False
Does 6 divide 1440966?
True
Does 903 divide 430731?
True
Does 28 divide 23381?
False
Is 680 a factor of 5910221?
False
Is 45 a factor of 192723?
False
Is 40 a factor of 2127046?
False
Does 19 divide 9348?
True
Is 7704128 a multiple of 97?
True
Does 2 divide 598695?
False
Is 562035 a multiple of 15?
True
Does 93 divide 5772138?
True
Is 151 a factor of 591397?
False
Does 89 divide 54379?
True
Is 251 a factor of 72263?
False
Is 322828 a multiple of 44?
True
Is 398 a factor of 7611352?
True
Does 667 divide 55017?
False
Does 31 divide 19107?
False
Does 37 divide 130388?
True
Is 14 a factor of 69791?
False
Is 12 a factor of 219177?
False
Does 264 divide 1128830?
False
Does 34 divide 6120?
True
Is 37 a factor of 160321?
True
Does 174 divide 4407072?
True
Is 25270344 a multiple of 198?
True
Is 392235 a multiple of 237?
True
Is 93 a factor of 1150392?
False
Does 130 divide 89004?
False
Is 10 a factor of 4429740?
True
Does 399 divide 299744?
False
Does 1260 divide 5174820?
True
Does 34 divide 14586?
True
Does 161 divide 362572?
True
Does 37 divide 383468?
True
Is 42 a factor of 17368428?
True
Does 7 divide 24546?
False
Is 20988178 a multiple of 2664?
False
Is 2037000 a multiple of 582?
True
Is 100 a factor of 271329?
False
Does 25 divide 786042?
False
Is 543218 a multiple of 17?
True
Is 1917440 a multiple of 1070?
True
Does 431 divide 2587724?
True
Does 182 divide 677950?
True
Is 40 a factor of 646271?
False
Is 5691221 a multiple of 95?
False
Does 86 divide 14964?
True
Does 4 divide 800348?
True
Is 119 a factor of 7539217?
False
Is 2436318 a multiple of 406?
False
Does 177 divide 237998?
False
Is 43 a factor of 573138?
False
Is 12 a factor of 249948?
True
Is 26 a factor of 670280?
True
Is 151 a factor of 26123?
True
Is 1395054 a multiple of 47?
True
Is 89299 a multiple of 2?
False
Is 52736 a multiple of 16?
True
Is 9 a factor of 8732?
False
Does 65 divide 10769594?
False
Is 11 a factor of 680084?
False
Does 53 divide 158632?
False
Does 17 divide 21159?
False
Does 14 divide 49297?
False
Does 36 divide 343296?
True
Is 28 a factor of 180152?
True
Is 3 a factor of 12063?
True
Is 258 a factor of 1044439?
False
Does 488 divide 782705?
False
Is 35 a factor of 206569?
False
Is 133 a factor of 210805?
True
Does 5 divide 33985?
True
Is 745680 a multiple of 15?
True
Is 1561678 a multiple of 27?
False
Is 43726 a multiple of 29?
False
Is 10687760 a multiple of 54?
False
Does 766 divide 8704058?
True
Is 133496 a multiple of 8?
True
Does 2 divide 60452?
True
Does 69 divide 424488?
True
Does 19 divide 709736?
False
Is 444 a factor of 5066040?
True
Is 534 a factor of 2474556?
True
Does 16 divide 1880880?
True
Is 11 a factor of 45542?
False
Is 12 a factor of 215233?
False
Is 12 a factor of 3283812?
True
Is 3 a factor of 3236096?
False
Is 982194 a multiple of 4?
False
Is 190463 a multiple of 63?
False
Does 10 divide 269803?
False
Is 48 a factor of 16392?
False
Does 827 divide 756324?
False
Does 18 divide 1210098?
False
Does 28 divide 185416?
True
Is 3007389 a multiple of 33?
True
Does 290 divide 1443302?
False
Is 484 a factor of 141657?
False
Is 291 a factor of 451632?
True
Is 3 a factor of 608986?
False
Does 16 divide 16674?
False
Is 130 a factor of 8139262?
False
Is 427 a factor of 3027323?
False
Is 383 a factor of 1093036?
False
Is 8113 a multiple of 11?
False
Does 10 divide 29690?
True
Is 23 a factor of 144532?
True
Is 17159004 a multiple of 58?
False
Does 11 divide 154792?
True
Is 36 a factor of 281088?
True
Is 37 a factor of 386798?
True
Is 46 a factor of 1112460?
False
Does 114 divide 374718?
True
Is 13 a f